{"id":2352,"date":"2026-01-06T15:32:55","date_gmt":"2026-01-06T15:32:55","guid":{"rendered":"https:\/\/steveprojects.com\/index.php\/technophile-service-page-2\/"},"modified":"2026-03-20T11:05:47","modified_gmt":"2026-03-20T11:05:47","slug":"stevesprojects","status":"publish","type":"page","link":"https:\/\/steveprojects.com\/index.php\/stevesprojects\/","title":{"rendered":"Projektjeim | SteveProjects.com"},"content":{"rendered":"\t\t<div data-elementor-type=\"wp-page\" data-elementor-id=\"2352\" class=\"elementor elementor-2352\">\n\t\t\t\t\t\t<section class=\"elementor-section elementor-top-section elementor-element elementor-element-00d0df5 elementor-section-full_width elementor-section-height-min-height elementor-section-height-default elementor-section-items-middle\" data-id=\"00d0df5\" data-element_type=\"section\" data-e-type=\"section\">\n\t\t\t\t\t\t<div class=\"elementor-container elementor-column-gap-no\">\n\t\t\t\t\t<div class=\"elementor-column elementor-col-100 elementor-top-column elementor-element elementor-element-e916c80\" data-id=\"e916c80\" data-element_type=\"column\" data-e-type=\"column\">\n\t\t\t<div class=\"elementor-widget-wrap elementor-element-populated\">\n\t\t\t\t\t\t<div class=\"elementor-element elementor-element-9a3412e animated-slow elementor-widget__width-initial elementor-widget-mobile__width-initial elementor-absolute elementor-invisible elementor-widget elementor-widget-image\" data-id=\"9a3412e\" data-element_type=\"widget\" data-e-type=\"widget\" data-settings=\"{&quot;_animation&quot;:&quot;slideInLeft&quot;,&quot;_animation_delay&quot;:1000,&quot;_position&quot;:&quot;absolute&quot;}\" data-widget_type=\"image.default\">\n\t\t\t\t\t\t\t\t\t\t\t\t\t\t\t<img fetchpriority=\"high\" decoding=\"async\" width=\"217\" height=\"651\" src=\"https:\/\/steveprojects.com\/wp-content\/uploads\/2024\/03\/734ce554-hero-shape-left.png\" class=\"attachment-full size-full wp-image-2186\" alt=\"\" srcset=\"https:\/\/steveprojects.com\/wp-content\/uploads\/2024\/03\/734ce554-hero-shape-left.png 217w, https:\/\/steveprojects.com\/wp-content\/uploads\/2024\/03\/734ce554-hero-shape-left-100x300.png 100w\" sizes=\"(max-width: 217px) 100vw, 217px\" \/>\t\t\t\t\t\t\t\t\t\t\t\t\t\t\t<\/div>\n\t\t\t\t<div class=\"elementor-element elementor-element-8c2c69f elementor-widget__width-initial elementor-widget-mobile__width-initial elementor-absolute elementor-invisible elementor-widget elementor-widget-image\" data-id=\"8c2c69f\" data-element_type=\"widget\" data-e-type=\"widget\" data-settings=\"{&quot;_animation&quot;:&quot;slideInRight&quot;,&quot;_animation_delay&quot;:1000,&quot;_position&quot;:&quot;absolute&quot;}\" data-widget_type=\"image.default\">\n\t\t\t\t\t\t\t\t\t\t\t\t\t\t\t<img decoding=\"async\" width=\"217\" height=\"651\" src=\"https:\/\/steveprojects.com\/wp-content\/uploads\/2024\/03\/c42f703a-hero-shape-right.png\" class=\"attachment-full size-full wp-image-2187\" alt=\"\" srcset=\"https:\/\/steveprojects.com\/wp-content\/uploads\/2024\/03\/c42f703a-hero-shape-right.png 217w, https:\/\/steveprojects.com\/wp-content\/uploads\/2024\/03\/c42f703a-hero-shape-right-100x300.png 100w\" sizes=\"(max-width: 217px) 100vw, 217px\" \/>\t\t\t\t\t\t\t\t\t\t\t\t\t\t\t<\/div>\n\t\t\t\t<section class=\"elementor-section elementor-inner-section elementor-element elementor-element-a9f04b7 elementor-section-boxed elementor-section-height-default elementor-section-height-default\" data-id=\"a9f04b7\" data-element_type=\"section\" data-e-type=\"section\">\n\t\t\t\t\t\t<div class=\"elementor-container elementor-column-gap-default\">\n\t\t\t\t\t<div class=\"elementor-column elementor-col-100 elementor-inner-column elementor-element elementor-element-f4e199a\" data-id=\"f4e199a\" data-element_type=\"column\" data-e-type=\"column\">\n\t\t\t<div class=\"elementor-widget-wrap elementor-element-populated\">\n\t\t\t\t\t\t<div class=\"elementor-element elementor-element-a9ca47e elementor-invisible elementor-widget elementor-widget-heading\" data-id=\"a9ca47e\" data-element_type=\"widget\" data-e-type=\"widget\" data-settings=\"{&quot;_animation&quot;:&quot;fadeInUp&quot;}\" data-widget_type=\"heading.default\">\n\t\t\t\t\t<h1 class=\"elementor-heading-title elementor-size-default\">PROJEKTJEIM<\/h1>\t\t\t\t<\/div>\n\t\t\t\t<div class=\"elementor-element elementor-element-e24e177 elementor-invisible elementor-widget elementor-widget-heading\" data-id=\"e24e177\" data-element_type=\"widget\" data-e-type=\"widget\" data-settings=\"{&quot;_animation&quot;:&quot;fadeInUp&quot;}\" data-widget_type=\"heading.default\">\n\t\t\t\t\t<p class=\"elementor-heading-title elementor-size-default\">A projektjeimet a weboldalon megtekintheted, \u00e9s t\u00f6bb esetben \u00e9l\u0151ben ki is pr\u00f3b\u00e1lhatod \u0151ket. A bemutat\u00f3k c\u00e9lja, hogy gyorsan k\u00e9pet kapj a megold\u00e1sok m\u0171k\u00f6d\u00e9s\u00e9r\u0151l, a fel\u00e9p\u00edt\u00e9s\u00fckr\u0151l \u00e9s a felhaszn\u00e1l\u00f3i \u00e9lm\u00e9nyr\u0151l. Ha egy projekt el\u00e9rhet\u0151 dem\u00f3k\u00e9nt, a le\u00edr\u00e1sn\u00e1l k\u00fcl\u00f6n jelzem a kipr\u00f3b\u00e1l\u00e1s m\u00f3dj\u00e1t \u00e9s a sz\u00fcks\u00e9ges l\u00e9p\u00e9seket.<\/p>\t\t\t\t<\/div>\n\t\t\t\t<div class=\"elementor-element elementor-element-3598f0f elementor-invisible elementor-widget elementor-widget-heading\" data-id=\"3598f0f\" data-element_type=\"widget\" data-e-type=\"widget\" data-settings=\"{&quot;_animation&quot;:&quot;fadeInUp&quot;}\" data-widget_type=\"heading.default\">\n\t\t\t\t\t<p class=\"elementor-heading-title elementor-size-default\">\nMegtekinten\u00e9d?<\/p>\t\t\t\t<\/div>\n\t\t\t\t<div class=\"elementor-element elementor-element-7d95e95 animated-slow elementor-widget__width-auto elementor-invisible elementor-widget elementor-widget-eael-creative-button\" data-id=\"7d95e95\" data-element_type=\"widget\" data-e-type=\"widget\" data-settings=\"{&quot;_animation&quot;:&quot;fadeInUp&quot;,&quot;_animation_delay&quot;:1000}\" data-widget_type=\"eael-creative-button.default\">\n\t\t\t\t\t        <div class=\"eael-creative-button-wrapper\">\n\n            <a class=\"eael-creative-button eael-creative-button--rayen eael-cb-icon-position-\" href=\"https:\/\/steveprojects.com\/PersoneL\/stevesprojects\/projects.php\" data-text=\"\ud83d\ude80\ud83d\ude80\ud83d\ude80\">\n            \t    \n                <div class=\"creative-button-inner\">\n\n                    \n                    <span class=\"cretive-button-text\">Itt el\u00e9rheted!<\/span>\n\n                                    <\/div>\n\t                        <\/a>\n        <\/div>\n        \t\t\t\t<\/div>\n\t\t\t\t\t<\/div>\n\t\t<\/div>\n\t\t\t\t\t<\/div>\n\t\t<\/section>\n\t\t\t\t\t<\/div>\n\t\t<\/div>\n\t\t\t\t\t<\/div>\n\t\t<\/section>\n\t\t\t\t<\/div>\n\t\t","protected":false},"excerpt":{"rendered":"<p>PROJEKTJEIM A projektjeimet a weboldalon megtekintheted, \u00e9s t\u00f6bb esetben \u00e9l\u0151ben ki is pr\u00f3b\u00e1lhatod \u0151ket. A bemutat\u00f3k c\u00e9lja, hogy gyorsan k\u00e9pet kapj a megold\u00e1sok m\u0171k\u00f6d\u00e9s\u00e9r\u0151l, a fel\u00e9p\u00edt\u00e9s\u00fckr\u0151l \u00e9s a felhaszn\u00e1l\u00f3i \u00e9lm\u00e9nyr\u0151l. Ha egy projekt el\u00e9rhet\u0151 dem\u00f3k\u00e9nt, a le\u00edr\u00e1sn\u00e1l k\u00fcl\u00f6n jelzem a kipr\u00f3b\u00e1l\u00e1s m\u00f3dj\u00e1t \u00e9s a sz\u00fcks\u00e9ges l\u00e9p\u00e9seket. Megtekinten\u00e9d? Itt el\u00e9rheted!<\/p>\n","protected":false},"author":1,"featured_media":0,"parent":0,"menu_order":0,"comment_status":"closed","ping_status":"closed","template":"elementor_header_footer","meta":{"footnotes":""},"class_list":["post-2352","page","type-page","status-publish","hentry"],"_links":{"self":[{"href":"https:\/\/steveprojects.com\/index.php\/wp-json\/wp\/v2\/pages\/2352","targetHints":{"allow":["GET"]}}],"collection":[{"href":"https:\/\/steveprojects.com\/index.php\/wp-json\/wp\/v2\/pages"}],"about":[{"href":"https:\/\/steveprojects.com\/index.php\/wp-json\/wp\/v2\/types\/page"}],"author":[{"embeddable":true,"href":"https:\/\/steveprojects.com\/index.php\/wp-json\/wp\/v2\/users\/1"}],"replies":[{"embeddable":true,"href":"https:\/\/steveprojects.com\/index.php\/wp-json\/wp\/v2\/comments?post=2352"}],"version-history":[{"count":16,"href":"https:\/\/steveprojects.com\/index.php\/wp-json\/wp\/v2\/pages\/2352\/revisions"}],"predecessor-version":[{"id":2651,"href":"https:\/\/steveprojects.com\/index.php\/wp-json\/wp\/v2\/pages\/2352\/revisions\/2651"}],"wp:attachment":[{"href":"https:\/\/steveprojects.com\/index.php\/wp-json\/wp\/v2\/media?parent=2352"}],"curies":[{"name":"wp","href":"https:\/\/api.w.org\/{rel}","templated":true}]}}