{"id":2360,"date":"2026-01-06T15:32:56","date_gmt":"2026-01-06T15:32:56","guid":{"rendered":"https:\/\/steveprojects.com\/index.php\/technophile-portfolio-detail-page-2\/"},"modified":"2026-03-20T13:26:00","modified_gmt":"2026-03-20T13:26:00","slug":"stevesportofoliobase","status":"publish","type":"page","link":"https:\/\/steveprojects.com\/index.php\/stevesportofoliobase\/","title":{"rendered":"Portfolio | SteveProjects"},"content":{"rendered":"\t\t<div data-elementor-type=\"wp-page\" data-elementor-id=\"2360\" class=\"elementor elementor-2360\">\n\t\t\t\t\t\t<section class=\"elementor-section elementor-top-section elementor-element elementor-element-a7bd396 elementor-section-full_width elementor-section-height-min-height elementor-section-height-default elementor-section-items-middle\" data-id=\"a7bd396\" data-element_type=\"section\" data-e-type=\"section\">\n\t\t\t\t\t\t<div class=\"elementor-container elementor-column-gap-no\">\n\t\t\t\t\t<div class=\"elementor-column elementor-col-100 elementor-top-column elementor-element elementor-element-4bce8db\" data-id=\"4bce8db\" data-element_type=\"column\" data-e-type=\"column\">\n\t\t\t<div class=\"elementor-widget-wrap elementor-element-populated\">\n\t\t\t\t\t\t<div class=\"elementor-element elementor-element-9c822ae animated-slow elementor-widget__width-initial elementor-widget-mobile__width-initial elementor-absolute elementor-invisible elementor-widget elementor-widget-image\" data-id=\"9c822ae\" data-element_type=\"widget\" data-e-type=\"widget\" data-settings=\"{&quot;_animation&quot;:&quot;slideInLeft&quot;,&quot;_animation_delay&quot;:1000,&quot;_position&quot;:&quot;absolute&quot;}\" data-widget_type=\"image.default\">\n\t\t\t\t\t\t\t\t\t\t\t\t\t\t\t<img fetchpriority=\"high\" decoding=\"async\" width=\"217\" height=\"651\" src=\"https:\/\/steveprojects.com\/wp-content\/uploads\/2024\/03\/734ce554-hero-shape-left.png\" class=\"attachment-full size-full wp-image-2186\" alt=\"\" srcset=\"https:\/\/steveprojects.com\/wp-content\/uploads\/2024\/03\/734ce554-hero-shape-left.png 217w, https:\/\/steveprojects.com\/wp-content\/uploads\/2024\/03\/734ce554-hero-shape-left-100x300.png 100w\" sizes=\"(max-width: 217px) 100vw, 217px\" \/>\t\t\t\t\t\t\t\t\t\t\t\t\t\t\t<\/div>\n\t\t\t\t<div class=\"elementor-element elementor-element-fd49f25 elementor-widget__width-initial elementor-widget-mobile__width-initial elementor-absolute elementor-invisible elementor-widget elementor-widget-image\" data-id=\"fd49f25\" data-element_type=\"widget\" data-e-type=\"widget\" data-settings=\"{&quot;_animation&quot;:&quot;slideInRight&quot;,&quot;_animation_delay&quot;:1000,&quot;_position&quot;:&quot;absolute&quot;}\" data-widget_type=\"image.default\">\n\t\t\t\t\t\t\t\t\t\t\t\t\t\t\t<img decoding=\"async\" width=\"217\" height=\"651\" src=\"https:\/\/steveprojects.com\/wp-content\/uploads\/2024\/03\/c42f703a-hero-shape-right.png\" class=\"attachment-full size-full wp-image-2187\" alt=\"\" srcset=\"https:\/\/steveprojects.com\/wp-content\/uploads\/2024\/03\/c42f703a-hero-shape-right.png 217w, https:\/\/steveprojects.com\/wp-content\/uploads\/2024\/03\/c42f703a-hero-shape-right-100x300.png 100w\" sizes=\"(max-width: 217px) 100vw, 217px\" \/>\t\t\t\t\t\t\t\t\t\t\t\t\t\t\t<\/div>\n\t\t\t\t<section class=\"elementor-section elementor-inner-section elementor-element elementor-element-d3725b6 elementor-section-boxed elementor-section-height-default elementor-section-height-default\" data-id=\"d3725b6\" data-element_type=\"section\" data-e-type=\"section\">\n\t\t\t\t\t\t<div class=\"elementor-container elementor-column-gap-default\">\n\t\t\t\t\t<div class=\"elementor-column elementor-col-100 elementor-inner-column elementor-element elementor-element-5b48fee\" data-id=\"5b48fee\" data-element_type=\"column\" data-e-type=\"column\">\n\t\t\t<div class=\"elementor-widget-wrap elementor-element-populated\">\n\t\t\t\t\t\t<div class=\"elementor-element elementor-element-de3c2ca elementor-invisible elementor-widget elementor-widget-heading\" data-id=\"de3c2ca\" data-element_type=\"widget\" data-e-type=\"widget\" data-settings=\"{&quot;_animation&quot;:&quot;fadeInUp&quot;}\" data-widget_type=\"heading.default\">\n\t\t\t\t\t<h1 class=\"elementor-heading-title elementor-size-default\">Portf\u00f3li\u00f3<\/h1>\t\t\t\t<\/div>\n\t\t\t\t<div class=\"elementor-element elementor-element-a2ffaa4 elementor-invisible elementor-widget elementor-widget-heading\" data-id=\"a2ffaa4\" data-element_type=\"widget\" data-e-type=\"widget\" data-settings=\"{&quot;_animation&quot;:&quot;fadeInUp&quot;}\" data-widget_type=\"heading.default\">\n\t\t\t\t\t<p class=\"elementor-heading-title elementor-size-default\">K\u00f6z\u00e9piskolai tanulm\u00e1nyaim sor\u00e1n emelt szinten tanultam informatik\u00e1t, \u00e9s m\u00e1r ekkor tudatosan a m\u0171szaki\u2013informatikai ter\u00fclet fel\u00e9 orient\u00e1l\u00f3dtam. Egyetemi \u00e9veim alatt az objektumorient\u00e1lt szoftverfejleszt\u00e9s, valamint a komplex rendszerek tervez\u00e9se \u00e9s megval\u00f3s\u00edt\u00e1sa ker\u00fclt a f\u00f3kuszba; jelenleg MSc hallgat\u00f3k\u00e9nt folytatom a szakmai fejl\u0151d\u00e9semet. A k\u00e9pz\u00e9s sor\u00e1n t\u00f6bb projektben vettem r\u00e9szt, t\u00f6bbek k\u00f6z\u00f6tt p\u00e9nz\u00fcgyi\u2013gazdas\u00e1gi szoftverek \u00e9s orvosi ultrahang rendszerek fejleszt\u00e9s\u00e9ben, illetve kutat\u00e1si feladatokban, amelyeket a j\u00f6v\u0151ben is magas min\u0151s\u00e9gben \u00e9s eredm\u00e9nyorient\u00e1ltan k\u00edv\u00e1nok folytatni.\n<\/p>\t\t\t\t<\/div>\n\t\t\t\t<div class=\"elementor-element elementor-element-140490d elementor-invisible elementor-widget elementor-widget-heading\" data-id=\"140490d\" data-element_type=\"widget\" data-e-type=\"widget\" data-settings=\"{&quot;_animation&quot;:&quot;fadeInUp&quot;}\" data-widget_type=\"heading.default\">\n\t\t\t\t\t<p class=\"elementor-heading-title elementor-size-default\">Megtekinten\u00e9d az \u00f6n\u00e9letrajzomat? <\/p>\t\t\t\t<\/div>\n\t\t\t\t<div class=\"elementor-element elementor-element-3bbdccb animated-slow elementor-widget__width-auto elementor-invisible elementor-widget elementor-widget-eael-creative-button\" data-id=\"3bbdccb\" data-element_type=\"widget\" data-e-type=\"widget\" data-settings=\"{&quot;_animation&quot;:&quot;fadeInUp&quot;,&quot;_animation_delay&quot;:1000}\" data-widget_type=\"eael-creative-button.default\">\n\t\t\t\t\t        <div class=\"eael-creative-button-wrapper\">\n\n            <a class=\"eael-creative-button eael-creative-button--rayen eael-cb-icon-position-\" href=\"#\" data-text=\"Let\u00f6lt\u00e9se\">\n            \t    \n                <div class=\"creative-button-inner\">\n\n                    \n                    <span class=\"cretive-button-text\">\u00d6n\u00e9letrajz<\/span>\n\n                                    <\/div>\n\t                        <\/a>\n        <\/div>\n        \t\t\t\t<\/div>\n\t\t\t\t\t<\/div>\n\t\t<\/div>\n\t\t\t\t\t<\/div>\n\t\t<\/section>\n\t\t\t\t\t<\/div>\n\t\t<\/div>\n\t\t\t\t\t<\/div>\n\t\t<\/section>\n\t\t\t\t<\/div>\n\t\t","protected":false},"excerpt":{"rendered":"<p>Portf\u00f3li\u00f3 K\u00f6z\u00e9piskolai tanulm\u00e1nyaim sor\u00e1n emelt szinten tanultam informatik\u00e1t, \u00e9s m\u00e1r ekkor tudatosan a m\u0171szaki\u2013informatikai ter\u00fclet fel\u00e9 orient\u00e1l\u00f3dtam. Egyetemi \u00e9veim alatt az objektumorient\u00e1lt szoftverfejleszt\u00e9s, valamint a komplex rendszerek tervez\u00e9se \u00e9s megval\u00f3s\u00edt\u00e1sa ker\u00fclt a f\u00f3kuszba; jelenleg MSc hallgat\u00f3k\u00e9nt folytatom a szakmai fejl\u0151d\u00e9semet. A k\u00e9pz\u00e9s sor\u00e1n t\u00f6bb projektben vettem r\u00e9szt, t\u00f6bbek k\u00f6z\u00f6tt p\u00e9nz\u00fcgyi\u2013gazdas\u00e1gi szoftverek \u00e9s orvosi ultrahang rendszerek [&hellip;]<\/p>\n","protected":false},"author":1,"featured_media":0,"parent":0,"menu_order":0,"comment_status":"closed","ping_status":"closed","template":"elementor_header_footer","meta":{"footnotes":""},"class_list":["post-2360","page","type-page","status-publish","hentry"],"_links":{"self":[{"href":"https:\/\/steveprojects.com\/index.php\/wp-json\/wp\/v2\/pages\/2360","targetHints":{"allow":["GET"]}}],"collection":[{"href":"https:\/\/steveprojects.com\/index.php\/wp-json\/wp\/v2\/pages"}],"about":[{"href":"https:\/\/steveprojects.com\/index.php\/wp-json\/wp\/v2\/types\/page"}],"author":[{"embeddable":true,"href":"https:\/\/steveprojects.com\/index.php\/wp-json\/wp\/v2\/users\/1"}],"replies":[{"embeddable":true,"href":"https:\/\/steveprojects.com\/index.php\/wp-json\/wp\/v2\/comments?post=2360"}],"version-history":[{"count":10,"href":"https:\/\/steveprojects.com\/index.php\/wp-json\/wp\/v2\/pages\/2360\/revisions"}],"predecessor-version":[{"id":2710,"href":"https:\/\/steveprojects.com\/index.php\/wp-json\/wp\/v2\/pages\/2360\/revisions\/2710"}],"wp:attachment":[{"href":"https:\/\/steveprojects.com\/index.php\/wp-json\/wp\/v2\/media?parent=2360"}],"curies":[{"name":"wp","href":"https:\/\/api.w.org\/{rel}","templated":true}]}}