{"id":2368,"date":"2026-01-06T15:32:56","date_gmt":"2026-01-06T15:32:56","guid":{"rendered":"https:\/\/steveprojects.com\/index.php\/technophile-clients-page-2\/"},"modified":"2026-03-20T10:20:39","modified_gmt":"2026-03-20T10:20:39","slug":"stevesclients","status":"publish","type":"page","link":"https:\/\/steveprojects.com\/index.php\/stevesclients\/","title":{"rendered":"Kliensek | SteveProjects"},"content":{"rendered":"\t\t<div data-elementor-type=\"wp-page\" data-elementor-id=\"2368\" class=\"elementor elementor-2368\">\n\t\t\t\t\t\t<section class=\"elementor-section elementor-top-section elementor-element elementor-element-a9f463b elementor-section-full_width elementor-section-height-min-height elementor-section-height-default elementor-section-items-middle\" data-id=\"a9f463b\" data-element_type=\"section\" data-e-type=\"section\">\n\t\t\t\t\t\t<div class=\"elementor-container elementor-column-gap-no\">\n\t\t\t\t\t<div class=\"elementor-column elementor-col-100 elementor-top-column elementor-element elementor-element-de74c22\" data-id=\"de74c22\" data-element_type=\"column\" data-e-type=\"column\">\n\t\t\t<div class=\"elementor-widget-wrap elementor-element-populated\">\n\t\t\t\t\t\t<div class=\"elementor-element elementor-element-aab595b animated-slow elementor-widget__width-initial elementor-widget-mobile__width-initial elementor-absolute elementor-invisible elementor-widget elementor-widget-image\" data-id=\"aab595b\" data-element_type=\"widget\" data-e-type=\"widget\" data-settings=\"{&quot;_animation&quot;:&quot;slideInLeft&quot;,&quot;_animation_delay&quot;:1000,&quot;_position&quot;:&quot;absolute&quot;}\" data-widget_type=\"image.default\">\n\t\t\t\t\t\t\t\t\t\t\t\t\t\t\t<img fetchpriority=\"high\" decoding=\"async\" width=\"217\" height=\"651\" src=\"https:\/\/steveprojects.com\/wp-content\/uploads\/2024\/03\/734ce554-hero-shape-left.png\" class=\"attachment-full size-full wp-image-2186\" alt=\"\" srcset=\"https:\/\/steveprojects.com\/wp-content\/uploads\/2024\/03\/734ce554-hero-shape-left.png 217w, https:\/\/steveprojects.com\/wp-content\/uploads\/2024\/03\/734ce554-hero-shape-left-100x300.png 100w\" sizes=\"(max-width: 217px) 100vw, 217px\" \/>\t\t\t\t\t\t\t\t\t\t\t\t\t\t\t<\/div>\n\t\t\t\t<div class=\"elementor-element elementor-element-898bd3f elementor-widget__width-initial elementor-widget-mobile__width-initial elementor-absolute elementor-invisible elementor-widget elementor-widget-image\" data-id=\"898bd3f\" data-element_type=\"widget\" data-e-type=\"widget\" data-settings=\"{&quot;_animation&quot;:&quot;slideInRight&quot;,&quot;_animation_delay&quot;:1000,&quot;_position&quot;:&quot;absolute&quot;}\" data-widget_type=\"image.default\">\n\t\t\t\t\t\t\t\t\t\t\t\t\t\t\t<img decoding=\"async\" width=\"217\" height=\"651\" src=\"https:\/\/steveprojects.com\/wp-content\/uploads\/2024\/03\/c42f703a-hero-shape-right.png\" class=\"attachment-full size-full wp-image-2187\" alt=\"\" srcset=\"https:\/\/steveprojects.com\/wp-content\/uploads\/2024\/03\/c42f703a-hero-shape-right.png 217w, https:\/\/steveprojects.com\/wp-content\/uploads\/2024\/03\/c42f703a-hero-shape-right-100x300.png 100w\" sizes=\"(max-width: 217px) 100vw, 217px\" \/>\t\t\t\t\t\t\t\t\t\t\t\t\t\t\t<\/div>\n\t\t\t\t<section class=\"elementor-section elementor-inner-section elementor-element elementor-element-abfe631 elementor-section-boxed elementor-section-height-default elementor-section-height-default\" data-id=\"abfe631\" data-element_type=\"section\" data-e-type=\"section\">\n\t\t\t\t\t\t<div class=\"elementor-container elementor-column-gap-default\">\n\t\t\t\t\t<div class=\"elementor-column elementor-col-100 elementor-inner-column elementor-element elementor-element-e941d99\" data-id=\"e941d99\" data-element_type=\"column\" data-e-type=\"column\">\n\t\t\t<div class=\"elementor-widget-wrap elementor-element-populated\">\n\t\t\t\t\t\t<div class=\"elementor-element elementor-element-24f214c elementor-invisible elementor-widget elementor-widget-heading\" data-id=\"24f214c\" data-element_type=\"widget\" data-e-type=\"widget\" data-settings=\"{&quot;_animation&quot;:&quot;fadeInUp&quot;}\" data-widget_type=\"heading.default\">\n\t\t\t\t\t<h1 class=\"elementor-heading-title elementor-size-default\">Egyedi Projektet szeretn\u00e9l?<\/h1>\t\t\t\t<\/div>\n\t\t\t\t<div class=\"elementor-element elementor-element-a6fcfcd elementor-invisible elementor-widget elementor-widget-heading\" data-id=\"a6fcfcd\" data-element_type=\"widget\" data-e-type=\"widget\" data-settings=\"{&quot;_animation&quot;:&quot;fadeInUp&quot;}\" data-widget_type=\"heading.default\">\n\t\t\t\t\t<p class=\"elementor-heading-title elementor-size-default\">Egyszeri projektr\u0151l lenne sz\u00f3, egy gyors jav\u00edt\u00e1sr\u00f3l. N\u00e9zz sz\u00e9t a jaspravim.sk profilomon is, ott kedvezm\u00e9nyes \u00e1ron tal\u00e1lsz alkalmi projekteket is.\n<\/p>\t\t\t\t<\/div>\n\t\t\t\t<div class=\"elementor-element elementor-element-71e7e3e elementor-invisible elementor-widget elementor-widget-heading\" data-id=\"71e7e3e\" data-element_type=\"widget\" data-e-type=\"widget\" data-settings=\"{&quot;_animation&quot;:&quot;fadeInUp&quot;}\" data-widget_type=\"heading.default\">\n\t\t\t\t\t<p class=\"elementor-heading-title elementor-size-default\">\nKattints ide a profil megtekint\u00e9s\u00e9hez:<\/p>\t\t\t\t<\/div>\n\t\t\t\t<div class=\"elementor-element elementor-element-6f0fbd7 animated-slow elementor-widget__width-auto elementor-invisible elementor-widget elementor-widget-eael-creative-button\" data-id=\"6f0fbd7\" data-element_type=\"widget\" data-e-type=\"widget\" data-settings=\"{&quot;_animation&quot;:&quot;fadeInUp&quot;,&quot;_animation_delay&quot;:1000}\" data-widget_type=\"eael-creative-button.default\">\n\t\t\t\t\t        <div class=\"eael-creative-button-wrapper\">\n\n            <a class=\"eael-creative-button eael-creative-button--rayen eael-cb-icon-position-\" href=\"https:\/\/www.jaspravim.sk\/profil\/codeatn8\" data-text=\"codeatn8\">\n            \t    \n                <div class=\"creative-button-inner\">\n\n                    \n                    <span class=\"cretive-button-text\">m\u00e9g t\u00f6bb projekt!<\/span>\n\n                                    <\/div>\n\t                        <\/a>\n        <\/div>\n        \t\t\t\t<\/div>\n\t\t\t\t\t<\/div>\n\t\t<\/div>\n\t\t\t\t\t<\/div>\n\t\t<\/section>\n\t\t\t\t\t<\/div>\n\t\t<\/div>\n\t\t\t\t\t<\/div>\n\t\t<\/section>\n\t\t\t\t<\/div>\n\t\t","protected":false},"excerpt":{"rendered":"<p>Egyedi Projektet szeretn\u00e9l? Egyszeri projektr\u0151l lenne sz\u00f3, egy gyors jav\u00edt\u00e1sr\u00f3l. N\u00e9zz sz\u00e9t a jaspravim.sk profilomon is, ott kedvezm\u00e9nyes \u00e1ron tal\u00e1lsz alkalmi projekteket is. Kattints ide a profil megtekint\u00e9s\u00e9hez: m\u00e9g t\u00f6bb projekt!<\/p>\n","protected":false},"author":1,"featured_media":0,"parent":0,"menu_order":0,"comment_status":"closed","ping_status":"closed","template":"elementor_header_footer","meta":{"footnotes":""},"class_list":["post-2368","page","type-page","status-publish","hentry"],"_links":{"self":[{"href":"https:\/\/steveprojects.com\/index.php\/wp-json\/wp\/v2\/pages\/2368","targetHints":{"allow":["GET"]}}],"collection":[{"href":"https:\/\/steveprojects.com\/index.php\/wp-json\/wp\/v2\/pages"}],"about":[{"href":"https:\/\/steveprojects.com\/index.php\/wp-json\/wp\/v2\/types\/page"}],"author":[{"embeddable":true,"href":"https:\/\/steveprojects.com\/index.php\/wp-json\/wp\/v2\/users\/1"}],"replies":[{"embeddable":true,"href":"https:\/\/steveprojects.com\/index.php\/wp-json\/wp\/v2\/comments?post=2368"}],"version-history":[{"count":10,"href":"https:\/\/steveprojects.com\/index.php\/wp-json\/wp\/v2\/pages\/2368\/revisions"}],"predecessor-version":[{"id":2448,"href":"https:\/\/steveprojects.com\/index.php\/wp-json\/wp\/v2\/pages\/2368\/revisions\/2448"}],"wp:attachment":[{"href":"https:\/\/steveprojects.com\/index.php\/wp-json\/wp\/v2\/media?parent=2368"}],"curies":[{"name":"wp","href":"https:\/\/api.w.org\/{rel}","templated":true}]}}